uppose 0 = 65*h - 14*h - 268006 - 270350. What is the ten thousands digit of h?
1
Let s be 25/4 - (-6)/8. Suppose 77 = 5*n + s. Suppose o - 52 = -n. What is the tens digit of o?
3
Let p = 342 - -78. Let n = p + -102. What is the units digit of n?
8
Let g be (-3)/((108/(-328))/(-9)). Let w = 76 + g. What is the units digit of (-10)/(-20) + (-93)/w?
6
What is the hundreds digit of ((-104)/24 + 5)/(8/(-384600)*-5)?
4
Suppose 4*y - 3*y - 98 = -5*o, 2*o = 5*y - 409. Let s = y - -5. What is the units digit of 2*((-4)/22 + 940/s)?
1
Let v = 176 + -146. What is the thousands digit of -1*(-5655)/(v/6)?
1
Suppose 5*i = -q + 21225, 89*q = 91*q + i - 42513. What is the units digit of q?
0
What is the tens digit of 1/((-4)/(-14)) - (-165992)/16?
7
Let u = -49737 - -72161. What is the units digit of u?
4
Suppose -81*t - 384544 = -236*t - 23859. What is the tens digit of t?
2
Let r = 35 - -35. Suppose 0 = b + z + r, -4*z + 180 = -3*b - z. Let g = 131 + b. What is the tens digit of g?
6
Let g = 682 - 459. Let p = 415 - g. What is the units digit of p?
2
Suppose -25*g = j - 20*g - 7114, -3*j - g + 21426 = 0. What is the hundreds digit of j?
1
Let n(b) = b**3 + 102*b**2 + 8*b + 536. What is the units digit of n(-101)?
9
What is the units digit of (-5)/9 - 57482432/(-1116)?
7
Suppose 0 = 3*w + 2*x - 9469, -5*x = -4*w - 0*x + 12587. What is the thousands digit of w?
3
Let y(v) = -15 + 26*v + v**3 - 9*v - 6*v - 6*v - 6*v**2. Let x be y(6). Suppose -110 = x*m - 20*m. What is the units digit of m?
2
Let w(b) = 9 - 7 - 20*b**2 + 22*b**2 + 13 - 21*b. What is the units digit of w(13)?
0
Let f be (-152)/20*(-55)/(-22). Let m = f + 485. What is the hundreds digit of m?
4
Let g(u) = u**3 + 17*u**2 + 2*u + 13. Let x(d) = d**2 - 20*d - 13. Let q be x(20). What is the hundreds digit of g(q)?
6
Let m = 97336 - 55225. What is the hundreds digit of m?
1
Suppose 2*g + 2 - 1 = q, q - 4*g = 1. What is the units digit of 2031*(q - (-4)/(-6))?
7
Suppose -14 = 5*a - 899. Let g = -91 + a. Suppose 0 = 6*i - 392 + g. What is the tens digit of i?
5
Suppose 0 = -60*o + 208904 - 41684. What is the units digit of o?
7
Let p(d) = -4*d - 14. Let u be p(-2). What is the units digit of -4*1/u - (-428)/6?
2
Let q(f) = -2*f**3 - 148*f**2 + 38*f - 91. What is the hundreds digit of q(-75)?
3
Let c(o) = -o + 1. Let w(r) = -8*r + 8. Let y(k) = -12*c(k) + 2*w(k). Let m be y(2). What is the tens digit of 400/30*(-6)/m?
2
What is the hundreds digit of 1029*11388/342 + 32/304?
2
Suppose 4*d - 164 = -5*s, d + 3*s + 0*s - 48 = 0. What is the units digit of (900/(-35))/(d/(-2856))?
0
Let t(k) = 3*k + 74 + 33*k**2 - 8 - 5*k - 32*k**2. Let d(n) = n**2 + 4*n - 12. Let j be d(-6). What is the units digit of t(j)?
6
Suppose -3*f - 2*n = -330, -5*f - 205*n = -207*n - 582. Let l be (-4)/(-14) - (-4)/(-14). Suppose 5*q - f - 286 = l. What is the tens digit of q?
8
Let j(p) = -1585*p**3 - p**2 - p + 1. Let x be j(1). Let v be 6/14 + -2*x/14. Let f = v + -46. What is the hundreds digit of f?
1
Suppose 0 = -29*v + 50*v + 105. What is the hundreds digit of (-235)/v*75/5*1?
7
Suppose 3*n - 9 = 0, 2*n = 5*i + 2 - 106. Suppose -i*o + 9*o = -5733. What is the tens digit of o?
4
Suppose -10*n = -12*n + 1302. Suppose -3 = v, -3*v + 0*v = 5*c - n. Let g = c + -41. What is the tens digit of g?
9
Let c(o) = -49*o**2 + 8*o - 5. Let z be c(-9). Let u be 1/(-5) + z/70. Let t = u - -62. What is the units digit of t?
4
Suppose 2*f - 1712 = -2*f + 2*v, -5*f + 4*v = -2140. Suppose p = -0*p + f. Suppose -5*i + p = -112. What is the hundreds digit of i?
1
Suppose -20 - 12 = -8*q. Suppose 576 = 4*s + 4*n, -s + 544 = 3*s - q*n. Suppose 11*b + s = 12*b. What is the units digit of b?
0
Let c be (-1)/1 - 3*10/(-6). Let w be (16/32)/((-1)/c). What is the tens digit of (-480)/(-20)*(-1 - w)?
2
Let a = -6111 - -18792. What is the ten thousands digit of a?
1
Let n = -1496 + 18236. What is the hundreds digit of n?
7
Let q(o) = -o - 4. Let g be q(-8). Let s = 1063 - 785. Suppose -3*h = 2*a - s, g*h = -0*h + a + 367. What is the tens digit of h?
9
Suppose 0*f = -3*f + 2961. Let w = -571 + f. Let j = -274 + w. What is the tens digit of j?
4
Let f(s) = 3*s**2 + 5*s + 3. Let z be (-1 - 6) + -1 + 7 + -2. What is the tens digit of f(z)?
1
Let i(f) = f + 3. Let k be i(7). Suppose k*p - 390 = 5*p. Suppose p = -j + 216. What is the units digit of j?
8
Suppose -4*t - 537 + 1769 = 0. Let a = t - -399. What is the tens digit of a?
0
What is the ten thousands digit of (-5239)/((-402)/36 - -11)?
3
What is the tens digit of (-494949)/(-51) + -19 + (-5525)/(-289)?
0
Let l(y) = 20*y**3 - 43*y**2 + 9*y - 3. What is the hundreds digit of l(4)?
6
Let y = 1544 - 356. Suppose -10*m - y = -28*m. What is the units digit of m?
6
Suppose -s - 16805 = -3*z, 124*s - 11200 = -2*z + 123*s. What is the thousands digit of z?
5
Let g be ((-16)/(-20))/(4/390). Let i be (-4)/48*3 - g/8. What is the hundreds digit of 224/10*(-50)/i?
1
Suppose 0 = 4*p - 45 - 23. Suppose -43 = -p*n + 8. Suppose 2*w - n*d + 45 = 435, -2*w + 422 = 5*d. What is the tens digit of w?
0
Let b(j) = -33*j**3 - 34*j**2 + 35*j + 160. What is the tens digit of b(-13)?
6
Suppose 0 = -3*x + 7*j - 6*j + 887, 4*x - 1196 = -2*j. What is the hundreds digit of x?
2
Let g = -78 + 74. Let d be 17 - 4/1 - (-1 - g). Suppose -d*w + 396 = -1934. What is the tens digit of w?
3
Suppose -74*w + 311901 = -342343 - 221398. What is the thousands digit of w?
1
Let u be (-62 - -3)*-2*(-2)/(-4). Suppose g = u + 271. What is the tens digit of g?
3
Let n = 9415 - 2457. What is the thousands digit of n?
6
Let r(q) be the first derivative of 8*q**3/3 - 7*q**2/2 + 3*q - 13. Let k be r(2). Suppose k*d = 24*d - 66. What is the units digit of d?
2
Suppose 4*o - 5 = -1. Let l(r) = -4*r**3 - 1. Let c be l(o). What is the units digit of (2/c)/(4/460)*-2?
2
Let h(x) = 10607*x - 2709. What is the tens digit of h(6)?
3
Suppose s + 409 = -5*d, -402 = s - 3*d - 9. Let h = s + 901. What is the units digit of h?
2
Suppose h + 1 - 2 = 3*l, h + 5*l - 9 = 0. Suppose 0 = 3*r + h*y - 1240, -r + 4*y = 2*y - 400. What is the units digit of r?
8
Let v = 28405 - 13389. What is the ten thousands digit of v?
1
Let f(q) = -12*q + 124. Let p be f(9). Suppose -2*y - 3*d + 1545 = 0, 5*y + p*d - 3920 = 20*d. What is the units digit of y?
0
Suppose -3*b + k = -2*k + 6, 0 = 5*b - 3*k + 2. Suppose 0 = b*p - p + 4*u - 1265, 4*p + 3*u - 5112 = 0. What is the tens digit of p?
8
Let l = 3334 - 2133. Let h = -470 + l. What is the tens digit of h?
3
Let n = -85 - -487. Suppose -6*j + 5*j - 2*p = -n, -5*p = -5. What is the units digit of j?
0
Let c(a) = -a**3 - 55*a**2 + 111*a + 68. Let h be c(-57). Let v = -230 + h. What is the units digit of v?
9
Suppose -x + 14 = 3*x + 2*u, -4*u + 4 = 0. Let m(c) = 0*c**2 + 12*c**3 - 10*c**x + 5*c + 0*c - 10 - 4*c**2. What is the units digit of m(4)?
4
Let j(a) be the second derivative of -a**3/6 - 2*a**2 - 4*a. Let t be j(6). What is the units digit of 2/t - 963/(-15)?
4
Suppose -6*d + 15207 = 3999. Let r = -1034 + d. What is the units digit of r?
4
Let r = -1776 + 4718. What is the tens digit of r?
4
What is the hundreds digit of (2*32/(-12))/(-2*(-8)/(-2016))?
6
Let g(t) = 6*t**2 + 11*t + 4. Let r be g(8). Suppose 4*s - 357 = -3*a, -4*a - 5*s + 2*s = -r. Let c = -34 + a. What is the tens digit of c?
8
Let b(p) = -p**2 + 1. Let n be b(-2). Let d be 25 + n*8/12. Let g = 72 - d. What is the tens digit of g?
4
Let k = 38794 - 27652. What is the thousands digit of k?
1
Let t(g) = 2*g**2 + 4*g - 1. Let d be t(-4). Let l(i) = -7*i + 8. Let a(b) = -8*b + 12. Let w(c) = 4*a(c) - 5*l(c). What is the units digit of w(d)?
3
Let p = 9379 + -3225. What is the units digit of p?
4
Let h be (-8 - (-1 - 2)) + 29. What is the hundreds digit of (h/9)/(-2)*3720/(-20)?
2
Suppose 0 = -3*h - 3, 3*m = 3*h + 2985 + 28152. What is the hundreds digit of m?
3
Suppose 0*w - 20 = -4*w, o - 3*w - 2362 = 0. Let j = o - 1457. What is the units digit of j?
0
Let b = -16 + 24. Let t be (b/10)/(12/210). What is the units digit of t/(14/4 - 3)?
8
Let w = 42 - 22. Suppose -w*a = -23*a + 735. What is the hundreds digit of a?
2
Suppose 6*w = -3*x + 21729, 3*x + w = -w + 21725. What is the tens digit of x?
4
Suppose 11 = 3*k - 22. Let a = 123 - k. Suppose -a = -5*g + 4*z + 